t of t?
6
Suppose -5*c = -3*h - 2*h - 13960, -3*c - 2*h = -8381. What is the tens digit of 5/((-195)/(-6)) + c/13?
1
Suppose -5*v - w + 49089 = 3*w, -19632 = -2*v + 2*w. What is the units digit of v?
7
Let h = -26 + 28. Let y be h/6 - (2/6 - 0). Suppose y*g + g - 44 = 4*v, 5*g - 258 = v. What is the units digit of g?
2
Suppose 35*k - 41*k = -685 - 8921. What is the units digit of k?
1
Let f(z) = 56*z**2 - 24*z - 52. What is the hundreds digit of f(-24)?
7
Let l(v) = -20*v - 5*v**2 + 9*v + 48*v**2 + 8*v. What is the hundreds digit of l(-3)?
3
Let k(g) = g**3 + 18*g**2 - 382*g - 134. What is the units digit of k(-23)?
7
Suppose 13*v - 5312 = 9*v. Suppose 2*n + v = 6*n. What is the units digit of n?
2
What is the thousands digit of 8394*99/36 + 4/8?
3
Let l be -1*(-8 + (-1 - (6 - 9))). What is the tens digit of -4 - -2*(2349/l + -1)?
7
Suppose b + 28 = 5*q, -3*b - 2*b = q - 16. Let t = -16 + q. What is the tens digit of 18/(-45) - (-2)/(t/(-177))?
3
Let f = -422 - -772. Suppose -1042 = -6*a + f. What is the tens digit of a?
3
Suppose 9*r = -5*n + 87637, 22*n + 9742 = r + 18*n. What is the tens digit of r?
3
Let d = 33966 + -16854. What is the hundreds digit of d?
1
Let k(j) = -3*j**2 + 14*j + 5*j**2 - 6*j**2 + 3*j**2 + 5. Let r be (-12)/((-9)/3) + 3. What is the units digit of k(r)?
4
Let m = 202 - 199. What is the tens digit of 115/m*(2 - -10)?
6
Let u = -253 + 253. What is the tens digit of u - 0 - -1*855?
5
Suppose 0 = 3*h + 4*o + 1887 + 1006, 0 = -o - 1. Let v = 1639 + h. What is the hundreds digit of v?
6
Let p be 1696 - (-1 - -6 - 1). Let d = p + -676. What is the units digit of d?
6
Suppose -4*y - 5*j = -17 - 6, -2*y + 16 = 4*j. Let x be 278 - ((-3)/6*y)/(-1). Suppose x = s - 0*s. What is the tens digit of s?
7
Suppose 122*r + 1337760 = 212*r. What is the ten thousands digit of r?
1
Let s(u) = 51*u**2 - 17*u + 6. Let f be s(-3). What is the tens digit of 0 + f + (10 - 8)?
1
Suppose 4*g - 21*o + 18*o = 10139, -g = 5*o - 2506. Suppose 5*n = -a + 3209, 0 = 5*n - 4*a - g - 683. What is the hundreds digit of n?
6
Let u = -98 + 255. What is the units digit of (1 + 5 + -5)*u?
7
What is the tens digit of 150024/(2 + 2) - (-8 + (21 - 14))?
0
Let f = 21273 - -19618. What is the thousands digit of f?
0
Suppose 5452*w = 5467*w + 43325 - 193790. What is the hundreds digit of w?
0
Let w(i) = -5*i**2 + 4*i**2 - 1 - i - 5*i**2 - 101*i**3 + 5*i**2. Suppose -s = 4, -4*b - 12 = -15*s + 17*s. What is the hundreds digit of w(b)?
1
Suppose -49167 = -u + 25665. What is the tens digit of u?
3
Suppose 2*z + 5*j = 6*j - 578, 0 = 2*z + 3*j + 578. Let k = 744 - z. What is the thousands digit of k?
1
Suppose 645 - 561 = 3*x. Let j(a) = a**2 + a + 5. Let k be j(4). Let w = x + k. What is the tens digit of w?
5
Suppose 5*n - 2009 = -41 + 27. What is the units digit of n?
9
Let u = -377 - -379. What is the hundreds digit of 190 + (u - (2 - -5))?
1
Let w = 85811 + -44900. What is the hundreds digit of w?
9
What is the tens digit of (-10666)/(-10) + (-216)/(-540)?
6
Suppose 2*j - 172577 = -2*q - 65065, -2*q + j + 107503 = 0. What is the ten thousands digit of q?
5
What is the tens digit of (1 - -1)*(-2688206)/(-164)?
8
Suppose -3*v - 4*r + 3869 = -5139, 4*r + 9040 = 3*v. What is the units digit of v?
8
Let s(w) be the first derivative of -3*w**4/2 - 2*w**3/3 + w - 32. Let f be s(-1). Suppose -702 = -u - f*u. What is the tens digit of u?
1
Let t = 61564 - 32583. What is the units digit of t?
1
Suppose -38*p - 7326 - 1528 = 0. Let q = -135 - p. What is the tens digit of q?
9
Suppose -989*l - 59038 = -990*l - 4*i, -5*i = -3*l + 177250. What is the units digit of l?
0
Suppose -2*p - 4*p = -62432 - 8854. What is the thousands digit of p?
1
Let n = -173 - -185. Suppose -9*g = -n*g + 687. What is the hundreds digit of g?
2
What is the ten thousands digit of (-784749)/35*380/(-114)?
7
Suppose 2*w = 5*a - 1526, -4*a + 602 = -2*a - 5*w. Suppose -5*o + 2*z + a = 0, 5*o + 3*z = 221 + 70. What is the units digit of o?
0
Let q = -9568 - -16673. What is the units digit of q?
5
Let h be (19 - -2)*(-1 - -10). Let z(s) = -s**2 - 6*s + 4. Let c be z(-6). Suppose h = -q + c*q. What is the tens digit of q?
6
Let c = 50769 - 30081. What is the ten thousands digit of c?
2
Suppose -105*h + 1000 = -85*h. Let n = 215 - h. What is the tens digit of n?
6
Suppose -4*y + 5628 = 4*i, 2798 = 3*i - y - 1427. Suppose 4*k + 1014 - 296 = t, -2*t + i = -k. Suppose 3*w = -3*w + t. What is the units digit of w?
7
Let m be ((-6)/(-8))/(16/(-128)). Let q(x) = -114*x - 104. What is the hundreds digit of q(m)?
5
Let b = 70 + 45. Let k = -112 + b. Suppose 0*j = 2*m + k*j - 18, -m + 5*j + 9 = 0. What is the units digit of m?
9
Suppose -3 = -7*r - 3. Suppose -2*s + 5*h = 2*h - 30, 5*s - 4*h - 61 = r. Let f(p) = p**2 + 11*p - 10. What is the units digit of f(s)?
0
Let w(g) = -g**2 + 18*g - 14. Let d(u) = u - 1. Let v(s) = d(s) - w(s). Let k be v(16). Let x = 210 - k. What is the hundreds digit of x?
2
Suppose -1133*c + 37493 = -1132*c. What is the ten thousands digit of c?
3
Let r(z) = 220*z + 2294. What is the thousands digit of r(103)?
4
Suppose 2*v + 0*v = 4*d - 8, -2*d + 20 = 3*v. Suppose 2*q = d*x - 2764, 0 = 2*x - 4*q + 2*q - 1380. What is the hundreds digit of x?
6
Suppose 5*m - x = -6*x - 200, 0 = -2*x + 2. Let h = m - -285. What is the hundreds digit of h?
2
Suppose 12*a + 9*a - 42 = 0. Suppose -w + 388 = -v - a*v, 3*w = 5*v + 1180. What is the tens digit of w?
0
Let x(v) = 3*v**2 + v - 5. Let j be x(10). Let k = j + -105. What is the units digit of k?
0
Let m(s) = -4*s**3 - 54*s**2 + s - 392. What is the tens digit of m(-23)?
8
Let r(p) = 11*p**2 + 454*p - 258. What is the units digit of r(-42)?
8
Let v = 6275 - 11683. What is the units digit of v/(-6) - 25/75?
1
Suppose -13*b = -45866 - 60773. What is the tens digit of b?
0
Suppose -5*f - 3*k = -11 - 23, -k + 28 = 5*f. Suppose 8058 = 12*x + f*x. What is the units digit of x?
4
Suppose 0 = -3*g + 3*q - 18, -4*g - q - 26 = -4*q. Let o(h) = -3 + 0 - 11*h + 0. What is the tens digit of o(g)?
8
Suppose 4*d = -5*r + 24, 4*d + 3*r + 30 = 9*d. Let o(a) = 6*a**2 + 9*a + 10. Let s be o(d). Suppose -2*k + 4*k = s. What is the tens digit of k?
4
Suppose -z + 3*o = -2*o - 2, -36 = -5*z - o. Suppose 11*n - z*n - 3388 = 0. What is the tens digit of n?
4
What is the hundreds digit of 2490850/248 + (-2)/(-8)?
0
Let x = -4 + 25. Suppose 24*k - 6 = x*k. Suppose -q = -5*l + 89, -3*q = -l + k*q + 37. What is the tens digit of l?
1
Suppose -q + 4*j + 760 = 0, 5*q - j = 2*j + 3851. Suppose -3*k + 305 = -q. What is the hundreds digit of k?
3
Suppose 688*n = 685*n + 36. Let k(z) = 4*z**2 - 10*z - 7. What is the hundreds digit of k(n)?
4
Let v = -79 + 34. Let w be v/(-2 - -1)*1. Suppose -3*n + 21 + w = 0. What is the tens digit of n?
2
Let w be 39555/81 + (-2)/6. Suppose -182 = 3*q - w. What is the hundreds digit of q?
1
Let d = 136 - 124. Let b(l) = l**2 + 11*l + 29. What is the units digit of b(d)?
5
Let w(b) = -32*b + 6. Let v(n) = -29*n - 18 + 117*n + 72*n - 12. Let k(i) = 2*v(i) + 11*w(i). What is the tens digit of k(-2)?
7
Let q(x) = 41*x + 3993. What is the hundreds digit of q(84)?
4
Let c = 24 + -22. Suppose 4*z + 0*g = -2*g + 694, -2*z + 346 = c*g. What is the hundreds digit of z?
1
Suppose 2*n = 7*n - 250. Let x = 1343 - 1202. Let f = x + n. What is the units digit of f?
1
Let u = -70905 - -129031. What is the tens digit of u?
2
Suppose -4*l + 120 = 4*y, -2*y + 3*l = y - 90. Suppose 29*j + 142 = y*j. What is the hundreds digit of j?
1
Let g(o) = -78*o**2 - 2390*o - 12. What is the thousands digit of g(-17)?
8
Suppose w - 67 = -w + 3*r, -4*w + r = -109. What is the hundreds digit of ((-242)/4)/((-13)/w)?
1
Let o = 51454 + -30214. What is the thousands digit of o?
1
Suppose 0 = 3*w + 4*w + 6*w. Suppose -17*a + 7327 = -w*a. What is the hundreds digit of a?
4
Let c(p) = -p**2 + 18*p - 18. Let m be c(17). What is the tens digit of 2/(((-16)/7880)/m)?
8
Let m = -207 - -210. What is the units digit of (-6)/(-14) - (1922/(-7) + m)?
2
Let g = 113 + -109. What is the hundreds digit of 2/3 - g/(-3)*280?
3
Let d(p) = 121*p**2 - 2*p - 2. Suppose 0 = w - t + 4, -14 = 62*w - 63*w - 5*t. What is the hundreds digit of d(w)?
1
Let i be (-189)/7*18/9. Let q = i - -765. What is the units 